)?
131
Let z(j) = -j**3 + j + 34. Let x be z(0). Let c be 1/((-2 - 0)/(-4)). Suppose 0*d = -c*d + x. List the prime factors of d.
17
Let u be 24/16*(227 + -1 + 2). Let v = u + -113. List the prime factors of v.
229
Let p be 1/3 - (-8)/3. Suppose -p*i = 5*v - 232, v - 156 = -3*v + 5*i. What are the prime factors of v?
2, 11
Suppose 0 = 158*b - 150*b - 1104. What are the prime factors of b?
2, 3, 23
Let z be (-4)/(6/15*5). Let o be (z/(-8)*0)/(-1). Suppose o*u = -7*u + 49. List the prime factors of u.
7
List the prime factors of 3*1 - (-12 - (-833)/(-1)).
2, 53
Suppose 5*v + 14 = -6, 5*v + 1700 = 5*j. What are the prime factors of j?
2, 3, 7
Suppose 0 = -2*c + c + 3*b, -3*c - 2*b = 0. Let u be (c/((-16)/(-4)))/1. Suppose -10 + u = -k. What are the prime factors of k?
2, 5
Suppose n = -3*n - 3*t + 12, 4*n - 12 = -2*t. Suppose -5*u + r + 0 = -12, n*u - 3*r = 12. Suppose 5*a = 3*x + 147, -8 = -u*x + 4*x. List the prime factors of a.
3
Suppose -5*c = a - 36, 0*c + 28 = 3*c - a. Suppose g = -k + c + 20, 0 = 5*g + k - 148. List the prime factors of g.
2, 3, 5
Let d = 44 + -34. Let x = -8 + d. What are the prime factors of x?
2
List the prime factors of ((-1)/(-2))/((-46645)/(-5830) - 8).
11, 53
Suppose 6*o - 10*o - c + 2408 = 0, -20 = 5*c. What are the prime factors of o?
3, 67
List the prime factors of (-546)/(-8)*4 - 3.
2, 3, 5
Let j(s) = 89*s**2 + 4*s + 5. Let p be j(-1). Let o = p - 50. List the prime factors of o.
2, 5
Let p = -285 + 958. List the prime factors of p.
673
Let w(f) = -4*f**2 - 13*f + 12. Let u be w(8). Let j = -229 - u. List the prime factors of j.
7, 17
Let n = 19 - 31. Let o(y) = 2*y**3 - 12*y**2 + 3*y - 19. Let w(i) = 3*i**3 - 24*i**2 + 6*i - 37. Let z(c) = 5*o(c) - 3*w(c). List the prime factors of z(n).
2, 13
Let k(u) = u**3 + 8*u**2 + 2*u - 7. Let y(r) = -r**2 - 4*r. Let w be y(-7). Let n = w - -14. What are the prime factors of k(n)?
2, 7
Suppose 4*j - 920 = 32. List the prime factors of j.
2, 7, 17
Suppose -3*a - 4*d = -3 + 1, 5*a = -5*d + 5. Suppose 8 = -5*z - a, -4*k + 430 = 3*z. Suppose -4*x = -5*p + k, 2*x - 8 = -0*x. List the prime factors of p.
5
Let t be (4/4)/(2/10). Let p = -8 + t. What are the prime factors of (-138)/24*(p - 1)?
23
Suppose 9*w - 6 - 30 = 0. Suppose w*c - 234 - 42 = -5*s, 5 = -5*c. What are the prime factors of s?
2, 7
Let f(n) = -43*n - 91. List the prime factors of f(-5).
2, 31
List the prime factors of 6/(-26) - (-125946)/234.
2, 269
Suppose 6*t - 8 = 2*t. Suppose t*u - 34 - 76 = 0. List the prime factors of u.
5, 11
Suppose -633*o - 8535 = -638*o. List the prime factors of o.
3, 569
Let l(d) = 15*d - 22*d + 46 - 2 + 12*d + d**2. What are the prime factors of l(6)?
2, 5, 11
Suppose 102600 = 31*x + 7*x. List the prime factors of x.
2, 3, 5
Suppose -29 = -4*d + 7. Suppose -7*a + 2*a = -95. Suppose -z = -a - d. List the prime factors of z.
2, 7
Let l(q) = 3*q + 49. Suppose 2*y = -5*h - 8, -3*h = h + 5*y + 20. What are the prime factors of l(h)?
7
Suppose i + 5*i = 114. Suppose 5*p + 2*w = i + 24, -5 = -3*p + 4*w. Suppose 0*g - p = -g - 3*t, -2*t = -3*g + 21. What are the prime factors of g?
7
Suppose -20 = 4*d - 52. Suppose 0 = l - 5*l + d. Suppose l*x - 8 = 0, -3*a + 0*a = x - 13. List the prime factors of a.
3
Suppose 4*s - 2612 - 1638 = p, 0 = s + 4*p - 1071. List the prime factors of s.
1063
Let t = -107 - -737. What are the prime factors of t?
2, 3, 5, 7
Let p be 9*(-3)/(-45) - (-324)/10. Let b = 103 + p. List the prime factors of b.
2, 17
Suppose 3*i = -5*i + 5640. List the prime factors of i.
3, 5, 47
Let i be (-6)/27 + (-562)/(-18). Suppose -3*b - 4*h = -40, -5*h - i = -3*b + 27. Suppose -b = -11*n + 7*n. What are the prime factors of n?
2
Let x(j) = j**2 - 5*j - 29. Suppose 3*f - 31 = -l + 10, 50 = 5*f - 2*l. List the prime factors of x(f).
5, 11
Let j(a) = -22*a - 5. Let d be j(-2). Suppose 2*v - 3*v = -d. What are the prime factors of v?
3, 13
Suppose c = -3*c + 12. Suppose -a = 2*a - 5*o - 122, -74 = -2*a - 4*o. Suppose -y + a = c*y - l, 2*y - 2*l - 24 = 0. What are the prime factors of y?
3
Let v = -10 - 1. Let k(i) = i**2 + 11*i - 1. Let a be k(v). Let o = 12 - a. List the prime factors of o.
13
Suppose -b - 3*h + 444 = -573, 0 = 4*b - 5*h - 4085. What are the prime factors of b?
2, 3, 5, 17
Let m be 2/(-6) - 220/(-3). Suppose -13 = l + o, 4*l + o + m = 6. List the prime factors of (-10)/(-3)*l/(-12).
5
Let b be (-1 - 1) + 4 + 1. Suppose 408 + 66 = b*y. Suppose 3*r = -4*i + 2*r + 159, 2*r - y = -4*i. List the prime factors of i.
2, 5
Let p be -1 - (0/4)/(-2). Let i = p + 15. Let c = i - -15. What are the prime factors of c?
29
Suppose 3*q - 12 = 2*q - 5*g, 0 = -q - g + 4. Suppose -1 = -q*v + 3. Suppose -4*w + 42 = -v*l - 90, 0 = 3*l. List the prime factors of w.
3, 11
Suppose 5*j - 25 = 0, 5*u + 3*j = j - 100. Let x = u + 27. Suppose 0*p + 159 = 2*p - x*h, -2*h - 244 = -3*p. What are the prime factors of p?
2, 41
Let h(l) = 118*l + 2. Let o be h(2). Suppose -51 = 3*j + 4*x + o, 3*x = -2*j - 193. Let t = 141 + j. List the prime factors of t.
2, 23
Let s(f) = -f**2 - 4*f + 4. Let u be s(-5). Let m be -1 - (u - 1) - -3. Suppose -3*o = -4*y + 6, -3*o + 2*o - m = -2*y. List the prime factors of o.
2
Suppose -32*i = -29*i. Suppose i = 3*x - 11 - 13. What are the prime factors of x?
2
Let p be 69/21 - (-4)/(-14). Suppose -11*i + 9*i + 24 = 4*l, -27 = -3*i + 3*l. Suppose -p*m = 2*m - i, -3*m - 11 = -c. What are the prime factors of c?
17
Let f(y) = -y**3 - 13*y**2 - 30*y - 11. Let z be f(-12). List the prime factors of 1 + z/15*3.
2, 3, 7
What are the prime factors of (25008/(-96))/(3/(-12)*2)?
521
Let d = -1403 - -2084. List the prime factors of d.
3, 227
Let y = 10 - 7. Suppose g + 221 = y*c, -c + 115 = g + 44. What are the prime factors of c?
73
Let j be ((-9)/(-27))/((-5)/(-6) - 1). List the prime factors of 1*(-3 + j) - -315.
2, 5, 31
Suppose -1 = -r - 0. Let k be 3/(-1) - (3 - r). List the prime factors of 23 + k + (1 - 1).
2, 3
Suppose -2*v + 6*v - 4*o - 432 = 0, -4*o = -3*v + 323. List the prime factors of v.
109
Let h be (-1 - 0)*3*(-1)/1. Suppose 0 = h*r + 4*x - 283 + 54, -3*x = -12. List the prime factors of r.
71
Let n = 41 - 26. Let z be (-10)/n + 46/6. Suppose 0 = -k - 2*j + z, -k + 3*j + 22 = 4*k. List the prime factors of k.
5
Let p(m) = 2*m**2 - 54*m + 294. List the prime factors of p(6).
2, 3, 7
Let q(u) = 2*u**2 + 2*u - 24. Let d = 24 + -32. What are the prime factors of q(d)?
2, 11
Let j(i) be the second derivative of i**4/12 + i**3/6 - 3*i**2 - 9*i. Let c be j(-10). Suppose 4*p - 2*p = c. List the prime factors of p.
2, 3, 7
What are the prime factors of (-15 - 1242)/((-6)/4)?
2, 419
Suppose -106*u + 34*u + 4896 = 0. List the prime factors of u.
2, 17
Let c be ((-14)/1)/(24/60). What are the prime factors of 63*(3 + 75/c)?
2, 3
Let p = -11 + 31. Suppose p = 5*i - 85. List the prime factors of i.
3, 7
List the prime factors of (-1032)/(-28) - (-1)/7 - 0.
37
Let b = 67 - 67. Suppose b = -3*z + 30 + 39. List the prime factors of z.
23
Suppose -4*c - 4*l + 972 = 0, 16*c - 19*c + 721 = -5*l. What are the prime factors of c?
2, 11
Suppose 4*u + 10 = -3*a, -2*u + u + 2 = 3*a. List the prime factors of 24/16 - (-149)/a.
2, 19
Let o(a) = -a**3 - 5*a**2 + 10*a + 30. Let c be o(-6). Suppose 1375 = 11*f - c*f. List the prime factors of f.
5, 11
Let q = 13 - 15. Let c(v) = -4*v**3 - 2*v + 1. Let a be c(q). Suppose 0 = -m + 2*m, n - a = -4*m. List the prime factors of n.
37
Let x = 45 + -43. Suppose 8*h - 364 = 3*h - x*n, 0 = -3*h + 2*n + 212. List the prime factors of h.
2, 3
Let y = 4635 + -2302. What are the prime factors of y?
2333
Let p = 1481 + -1344. List the prime factors of p.
137
Suppose 70941 = 65*q - 26*q. What are the prime factors of q?
17, 107
Let c = 274 + 38. List the prime factors of ((-2)/(-6) - 0)/(2/c).
2, 13
Let s be (-2)/8 - 1611/(-12). Suppose 5*y + 5*w = -56 - s, 3*y + 111 = -2*w. What are the prime factors of 344/10 - (-14)/y?
2, 17
Suppose 287 = 4*i - 17. Suppose -i = -3*n + 101. What are the prime factors of n?
59
Suppose 3*g + 28 = 4*w, 4*w - g - 24 = -w. Suppose w*u = 6*u. Suppose u*v = -5*x + 2*v + 45, -2*x = -5*v + 3. What are the prime factors of x?
11
Let h(x) = x + 13. Let d be (-627)/(-44) + (-1)/4. Let n be (-280)/49 + (-4)/d. List the prime fa